
Suppose -5*o + 7 = -3. What is the highest common divisor of o and 3?
1
Let j = 15 - 13. Suppose -m = j*m - 9. Let u = -44 + 65. Calculate the greatest common factor of u and m.
3
Suppose -6*u + 2*u = -1512. What is the greatest common divisor of u and 42?
42
Let k be (-2)/3 - 4/(-6). Suppose y + 3*n - 13 = 0, k = 3*y - n - 2 + 13. Let c be 0/1 - y/2. What is the greatest common divisor of 1 and c?
1
Let d(s) = s**2 - 5*s + 4. Let a be d(11). Let k = -11 + 18. What is the greatest common divisor of a and k?
7
Suppose 3*t - z = -3*z + 87, 0 = 3*t + 3*z - 90. What is the greatest common divisor of 3 and t?
3
Let b(h) = 2*h**2 + 3*h + 7. Let o = 4 - 2. Suppose c = -1, -2*n - o*c + 8 = -0*n. Let k be b(n). What is the greatest common divisor of k and 9?
9
Let x(k) = -k**3 - k**2 - k + 2. Let s be x(0). Let q be (2 - -8) + s + 0. What is the highest common divisor of q and 84?
12
Let t = 13 + -7. Calculate the greatest common factor of t and 12.
6
Let w = 108 + -74. Calculate the greatest common factor of 85 and w.
17
Suppose -3*g = -4*m - 2, -2*g - m - 6 = -0. Let r be (8/(-12))/(g/15). Suppose 20 = 2*l - l. Calculate the greatest common divisor of l and r.
5
Suppose 2*y = 3*n + 19, y - 5 = -3*n - 0. Suppose -4*a + p + 169 = -2*p, 3*p = -a + 31. What is the greatest common factor of y and a?
8
Let v be 3/1 + 0/(-1). Suppose 26 = 5*p - v*p. What is the greatest common divisor of p and 65?
13
Suppose 0 = m + 4*p - 5, -4*m - 2*p - 7 = 1. Let v(s) = -s**2 - s + 9. Let z be v(0). Let y = z - m. Calculate the highest common factor of 18 and y.
6
Suppose 0 = 6*c - 96. Let w(r) = -6*r - 2. Suppose -4*l - 18 - 10 = 0. Let a be w(l). What is the greatest common divisor of a and c?
8
Let r be -6 + 340 + 4/(-2). Let g = -197 + r. Calculate the highest common divisor of g and 15.
15
Let z be 2 + -1*(-2 - -25). Let y = z + 37. Let u = y + -8. What is the highest common factor of 64 and u?
8
Suppose 0 = -2*z + 3 + 13. Let a = z - 12. Let t be 1/(-4) - 21/a. What is the highest common factor of 45 and t?
5
Let o be 12/(-66) - (-138)/33. What is the greatest common factor of o and 28?
4
Let g = -6 + 9. Let o(c) = -2*c - 9. Let y be o(-12). What is the highest common factor of g and y?
3
Suppose -2*w = 2*w - 12. Suppose w*p + p - 12 = -y, 0 = 4*p - 8. Suppose 16*g - 396 = 7*g. Calculate the greatest common divisor of g and y.
4
Let j be 1796/16 + (-44)/(-16) + -3. Calculate the greatest common divisor of 16 and j.
16
Let u be (-328)/(-28) - 2/(-7). Let t = u - -6. What is the highest common factor of 18 and t?
18
Let s = -15 - -23. What is the highest common factor of s and 40?
8
Suppose 7 = 2*w - 21. Suppose 34 = -l - 35. Let y = -27 - l. What is the greatest common divisor of y and w?
14
Suppose -3*u - 2*k + 208 = 0, 6*u - k = 2*u + 292. What is the highest common divisor of u and 9?
9
Let q = -536 - -543. Let b = 26 - 12. What is the highest common factor of b and q?
7
Let u(a) = 4*a**2 - 5*a + 21. Let g be u(5). Suppose 3*z - 5*q - 22 = 5*z, 2*z - 2*q + 8 = 0. Let d = z - -18. What is the greatest common factor of d and g?
12
Let v = 15 - 8. Suppose b - 2*j + 4*j - v = 0, b + 3*j - 11 = 0. Let y be (2 - 3) + (27 - b). What is the highest common factor of 18 and y?
9
Suppose -4*h = -11 - 9. Suppose 4*l = -p + 46, 50 = -0*p + p + h*l. What is the highest common factor of 20 and p?
10
Let g be ((-10)/24 - 9/(-12))*57. What is the greatest common divisor of g and 247?
19
Let k = 56 - 30. Let g(v) = -4*v - 2. Let y be g(-2). Let x = 19 - y. Calculate the highest common divisor of x and k.
13
Let h(k) = 72*k**2 - 2*k - 1. Let p be h(2). Suppose -p - 317 = -5*t. Let x = 246 - t. What is the highest common factor of 14 and x?
14
Let m(a) = -3*a - 6. Let z be m(-6). Let y = 3 - -3. Let u be -1*3/y*-48. What is the greatest common factor of u and z?
12
Let l = -9 - -9. Suppose s - 3*s + 8 = l, s - 466 = -3*j. What is the highest common divisor of 14 and j?
14
Let y be 12*2*(-1)/(-2). Suppose -5*p = -81 + 21. Calculate the greatest common factor of p and y.
12
Let r(n) = 15*n - 1. Let f be r(2). Calculate the highest common factor of 319 and f.
29
Suppose -3*u + 2 = 5. Let c = u - -6. Suppose -c*z + 9 = x - 4*z, -6 = 3*z. Calculate the greatest common factor of x and 88.
11
Let i be 5/(10/8)*10. Calculate the highest common factor of i and 320.
40
Let p = 59 + -55. Let m be (0 - -2)*(-3)/(-2). Let v be m/(3/p) - -2. Calculate the greatest common factor of 48 and v.
6
Let h be 21/((-35)/(-32) - 1). Suppose 4*m = -4*y - 0*m + 224, -4*m = -4*y + h. What is the highest common divisor of y and 7?
7
Let j(u) = 2*u**2 + 17*u - 4. Let y be j(-12). Let o(z) = z**2 - 4. Let r be o(-6). What is the greatest common factor of r and y?
16
Suppose 2*r + r = 36. Suppose 264 = 2*y - 0*y. Calculate the highest common divisor of y and r.
12
Suppose 2*m + 4 = -8. Suppose 7 - 11 = -4*n. Let u = n - m. What is the greatest common factor of u and 35?
7
Suppose 2*n + 0*n - 5 = -3*t, -5*t = -5*n. Suppose 0 = -2*s + z + t, -2*s + 5*z = 3*z. What is the highest common factor of s and 5?
1
Let b(d) = -42 + 3*d**2 + 20 + 21 - d + 3*d**2. Let k be b(-1). What is the highest common factor of k and 30?
6
Let l(w) = -w**3 + 6*w**2 - 4*w + 3. Let y be l(2). What is the highest common factor of y and 88?
11
Let k = 19 - 17. Calculate the highest common factor of 16 and k.
2
Let d be (2 - (1 + -1))*(17 + -9). Calculate the greatest common divisor of 128 and d.
16
Let j be (24/(-16))/((-6)/4). Let b = 4 - j. Calculate the highest common divisor of b and 1.
1
Let f(p) = -4*p - 7. Let r be f(-6). Let k(d) = d**3 - 9*d**2 + 17*d. Let s be k(9). Calculate the greatest common factor of s and r.
17
Suppose -7*z = -3*z - 5*k - 178, 5*z = 2*k + 214. What is the highest common divisor of 42 and z?
42
Let z(q) = -q**2 - 5*q - 2. Let n be z(-2). Let o be 1/((4/3)/n). Suppose -8*i + o*i + 50 = 0. Calculate the highest common divisor of i and 5.
5
Suppose -u + 1 = -0, -n + 4*u - 3 = 0. Calculate the greatest common factor of 3 and n.
1
Suppose -2*g + 3*g + 2 = 0. Let a be (-54)/(2*1/g). Suppose 24 = -0*p + 4*p. Calculate the highest common factor of p and a.
6
Let v be 5/2 + 2/4. Suppose 0 = -2*z - v*z. Let q(g) = g**2 + g + 33. Let r be q(z). Calculate the greatest common factor of 3 and r.
3
Let y be ((2 - 1) + -2)*-19. What is the highest common factor of 95 and y?
19
Let j = -7 - -15. Suppose -2*m - 4*a = 4, a - 3*a - 2 = 0. Suppose m*b + 40 = 2*b. Calculate the highest common divisor of j and b.
4
Let j be 2*(-1 + 9/2). Let q = -13 + 23. Let k be 4/(-2)*(-5)/q. What is the highest common factor of k and j?
1
Let s = 271 + -161. Let q be (3/(-2))/((-39)/52). Suppose -n = -q*p - 20, 0 = 3*n - 2*p - 30 - 10. What is the highest common divisor of n and s?
10
Let h(f) = 6*f - 4. Suppose 4 = x + 1. Let c be h(x). Calculate the greatest common divisor of c and 126.
14
Let k = 3 + -1. Suppose 5 = k*i - 15. What is the greatest common factor of 10 and i?
10
Let t = 14 - 2. Let w = 1 + -1. Let b be (12 + w)*(1 - 0). Calculate the highest common divisor of t and b.
12
Let m be -93*((-14)/6 + 2). Suppose 4*t = -3*u - t, 0 = -5*u + 2*t + m. Let a = u - 3. Calculate the greatest common factor of 18 and a.
2
Let d = -8 - -12. Let t = d + 7. Calculate the highest common factor of 99 and t.
11
Let h = 14 + 8. Let y = -10 + h. Calculate the greatest common factor of 48 and y.
12
Suppose 0 = -3*u + 4*x + 10 + 23, 2*u - 5*x = 22. Calculate the highest common factor of 1 and u.
1
Suppose 4*g = -0*g + 16. Suppose 5*n - g*n = 12. Calculate the highest common divisor of n and 60.
12
Let q = 5 - 8. Let h(r) be the first derivative of r**3/3 + r**2 - r + 5. Let c be h(q). Calculate the greatest common divisor of c and 14.
2
Let k(f) = 9*f - 1. Let o be k(1). Let t(j) = 23*j**2 + 7*j - 6. Let b be t(-2). What is the greatest common divisor of b and o?
8
Let m = 6 - 1. Let d(g) = 7*g**3 + 4*g**2 - 3*g + 4. Let r be d(3). Suppose r = 5*n - n. What is the highest common factor of m and n?
5
Let q(h) = 231*h**2 + 2*h - 2. Let k be q(1). What is the greatest common factor of k and 21?
21
Suppose 4*k + 2*x - 40 = 0, k = -k + 2*x + 26. Let g = k + -9. Let h(m) = m**3 - 2*m**2 - 4*m. Let p be h(4). Calculate the greatest common divisor of p and